{"id":64333,"date":"2025-01-31T16:08:25","date_gmt":"2025-01-31T15:08:25","guid":{"rendered":"https:\/\/www.grindleyimmo.com\/?post_type=estate_property&#038;p=64333"},"modified":"2025-11-15T14:39:08","modified_gmt":"2025-11-15T13:39:08","slug":"appartement-residence-face-a-la-plage-las-ballenas","status":"publish","type":"estate_property","link":"https:\/\/www.grindleyimmo.com\/fr\/proprietes\/appartement-residence-face-a-la-plage-las-ballenas\/","title":{"rendered":"Appartement R\u00e9sidence face \u00e0 la plage &#8211; Las Ballenas"},"content":{"rendered":"<p>Au sein d&rsquo;une r\u00e9sidence s\u00e9curis\u00e9e profitant d&rsquo;un emplacement id\u00e9al, face \u00e0 la belle plage de Las Ballenas, appartement de 51m2 en rez-de-jardin.<br \/>\nCe bien est compos\u00e9 d&rsquo;un salon, cuisine ouverte, terrasse couverte avec coin salon et coin repas, 1 chambre avec placards et air conditionn\u00e9, 1 salle de bain.<\/p>\n<p>La r\u00e9sidence offre tous les services n\u00e9cessaires afin de profiter pleinement de la vie carib\u00e9enne tel que:<\/p>\n<ul>\n<li>Club de plage<\/li>\n<li>Restaurant de plage<\/li>\n<li>Piscine<\/li>\n<li>R\u00e9ception 24H<\/li>\n<li>Concierge<\/li>\n<li>S\u00e9curit\u00e9 24H<\/li>\n<li>Service de pressing<\/li>\n<\/ul>\n<p>Service de gestion locative depuis la r\u00e9sidence.<\/p>\n<p>Ce bien est id\u00e9al pour en profiter une partie de l&rsquo;ann\u00e9e et le mettre en location saisonni\u00e8re le reste du temps.<\/p>\n<p>R\u00e9sidence \u00e9quip\u00e9e d&rsquo;un g\u00e9n\u00e9rateur \u00e9lectrique pour pallier aux coupures de courant.<\/p>\n","protected":false},"excerpt":{"rendered":"<p>Au sein d&rsquo;une r\u00e9sidence s\u00e9curis\u00e9e profitant d&rsquo;un emplacement id\u00e9al, face \u00e0 la belle plage de Las Ballenas, appartement de 51m2 en rez-de-jardin. Ce bien est compos\u00e9 d&rsquo;un salon, cuisine ouverte, terrasse couverte avec coin salon et coin repas, 1 chambre avec placards et air conditionn\u00e9, 1 salle de bain. La r\u00e9sidence offre tous les services n\u00e9cessaires afin de profiter pleinement de la vie carib\u00e9enne &#8230;<\/p>\n","protected":false},"featured_media":64334,"template":"","property_category":[30],"property_action_category":[103],"property_city":[140],"property_area":[144],"property_county_state":[],"property_features":[],"property_status":[],"class_list":["post-64333","estate_property","type-estate_property","status-publish","has-post-thumbnail","hentry","property_category-appartement","property_action_category-ventes","property_city-las-terrenas","property_area-playa-las-ballenas"],"yoast_head":"<!-- This site is optimized with the Yoast SEO plugin v24.0 - https:\/\/yoast.com\/wordpress\/plugins\/seo\/ -->\n<title>Appartement R\u00e9sidence face \u00e0 la plage - Las Ballenas - Greenland Immo<\/title>\n<meta name=\"robots\" content=\"index, follow, max-snippet:-1, max-image-preview:large, max-video-preview:-1\" \/>\n<link rel=\"canonical\" href=\"https:\/\/www.grindleyimmo.com\/fr\/proprietes\/appartement-residence-face-a-la-plage-las-ballenas\/\" \/>\n<meta property=\"og:locale\" content=\"fr_FR\" \/>\n<meta property=\"og:type\" content=\"article\" \/>\n<meta property=\"og:title\" content=\"Appartement R\u00e9sidence face \u00e0 la plage - Las Ballenas - Greenland Immo\" \/>\n<meta property=\"og:description\" content=\"Au sein d&rsquo;une r\u00e9sidence s\u00e9curis\u00e9e profitant d&rsquo;un emplacement id\u00e9al, face \u00e0 la belle plage de Las Ballenas, appartement de 51m2 en rez-de-jardin. Ce bien est compos\u00e9 d&rsquo;un salon, cuisine ouverte, terrasse couverte avec coin salon et coin repas, 1 chambre avec placards et air conditionn\u00e9, 1 salle de bain. La r\u00e9sidence offre tous les services n\u00e9cessaires afin de profiter pleinement de la vie carib\u00e9enne ...\" \/>\n<meta property=\"og:url\" content=\"https:\/\/www.grindleyimmo.com\/fr\/proprietes\/appartement-residence-face-a-la-plage-las-ballenas\/\" \/>\n<meta property=\"og:site_name\" content=\"Greenland Immo\" \/>\n<meta property=\"article:modified_time\" content=\"2025-11-15T13:39:08+00:00\" \/>\n<meta property=\"og:image\" content=\"https:\/\/www.grindleyimmo.com\/wp-content\/uploads\/2025\/01\/Screenshot-2024-08-14-180021.png\" \/>\n\t<meta property=\"og:image:width\" content=\"488\" \/>\n\t<meta property=\"og:image:height\" content=\"348\" \/>\n\t<meta property=\"og:image:type\" content=\"image\/png\" \/>\n<meta name=\"twitter:label1\" content=\"Dur\u00e9e de lecture estim\u00e9e\" \/>\n\t<meta name=\"twitter:data1\" content=\"1 minute\" \/>\n<script type=\"application\/ld+json\" class=\"yoast-schema-graph\">{\"@context\":\"https:\/\/schema.org\",\"@graph\":[{\"@type\":\"WebPage\",\"@id\":\"https:\/\/www.grindleyimmo.com\/fr\/proprietes\/appartement-residence-face-a-la-plage-las-ballenas\/\",\"url\":\"https:\/\/www.grindleyimmo.com\/fr\/proprietes\/appartement-residence-face-a-la-plage-las-ballenas\/\",\"name\":\"Appartement R\u00e9sidence face \u00e0 la plage - Las Ballenas - Greenland Immo\",\"isPartOf\":{\"@id\":\"https:\/\/www.grindleyimmo.com\/fr\/#website\"},\"primaryImageOfPage\":{\"@id\":\"https:\/\/www.grindleyimmo.com\/fr\/proprietes\/appartement-residence-face-a-la-plage-las-ballenas\/#primaryimage\"},\"image\":{\"@id\":\"https:\/\/www.grindleyimmo.com\/fr\/proprietes\/appartement-residence-face-a-la-plage-las-ballenas\/#primaryimage\"},\"thumbnailUrl\":\"https:\/\/www.grindleyimmo.com\/wp-content\/uploads\/2025\/01\/Screenshot-2024-08-14-180021.png\",\"datePublished\":\"2025-01-31T15:08:25+00:00\",\"dateModified\":\"2025-11-15T13:39:08+00:00\",\"breadcrumb\":{\"@id\":\"https:\/\/www.grindleyimmo.com\/fr\/proprietes\/appartement-residence-face-a-la-plage-las-ballenas\/#breadcrumb\"},\"inLanguage\":\"fr-FR\",\"potentialAction\":[{\"@type\":\"ReadAction\",\"target\":[\"https:\/\/www.grindleyimmo.com\/fr\/proprietes\/appartement-residence-face-a-la-plage-las-ballenas\/\"]}]},{\"@type\":\"ImageObject\",\"inLanguage\":\"fr-FR\",\"@id\":\"https:\/\/www.grindleyimmo.com\/fr\/proprietes\/appartement-residence-face-a-la-plage-las-ballenas\/#primaryimage\",\"url\":\"https:\/\/www.grindleyimmo.com\/wp-content\/uploads\/2025\/01\/Screenshot-2024-08-14-180021.png\",\"contentUrl\":\"https:\/\/www.grindleyimmo.com\/wp-content\/uploads\/2025\/01\/Screenshot-2024-08-14-180021.png\",\"width\":488,\"height\":348},{\"@type\":\"BreadcrumbList\",\"@id\":\"https:\/\/www.grindleyimmo.com\/fr\/proprietes\/appartement-residence-face-a-la-plage-las-ballenas\/#breadcrumb\",\"itemListElement\":[{\"@type\":\"ListItem\",\"position\":1,\"name\":\"Propri\u00e9t\u00e9s\",\"item\":\"https:\/\/www.grindleyimmo.com\/properties\/\"},{\"@type\":\"ListItem\",\"position\":2,\"name\":\"Appartement R\u00e9sidence face \u00e0 la plage &#8211; Las Ballenas\"}]},{\"@type\":\"WebSite\",\"@id\":\"https:\/\/www.grindleyimmo.com\/fr\/#website\",\"url\":\"https:\/\/www.grindleyimmo.com\/fr\/\",\"name\":\"Greenland Immo\",\"description\":\"Agence immobili\u00e8re \",\"potentialAction\":[{\"@type\":\"SearchAction\",\"target\":{\"@type\":\"EntryPoint\",\"urlTemplate\":\"https:\/\/www.grindleyimmo.com\/fr\/?s={search_term_string}\"},\"query-input\":{\"@type\":\"PropertyValueSpecification\",\"valueRequired\":true,\"valueName\":\"search_term_string\"}}],\"inLanguage\":\"fr-FR\"}]}<\/script>\n<!-- \/ Yoast SEO plugin. -->","yoast_head_json":{"title":"Appartement R\u00e9sidence face \u00e0 la plage - Las Ballenas - Greenland Immo","robots":{"index":"index","follow":"follow","max-snippet":"max-snippet:-1","max-image-preview":"max-image-preview:large","max-video-preview":"max-video-preview:-1"},"canonical":"https:\/\/www.grindleyimmo.com\/fr\/proprietes\/appartement-residence-face-a-la-plage-las-ballenas\/","og_locale":"fr_FR","og_type":"article","og_title":"Appartement R\u00e9sidence face \u00e0 la plage - Las Ballenas - Greenland Immo","og_description":"Au sein d&rsquo;une r\u00e9sidence s\u00e9curis\u00e9e profitant d&rsquo;un emplacement id\u00e9al, face \u00e0 la belle plage de Las Ballenas, appartement de 51m2 en rez-de-jardin. Ce bien est compos\u00e9 d&rsquo;un salon, cuisine ouverte, terrasse couverte avec coin salon et coin repas, 1 chambre avec placards et air conditionn\u00e9, 1 salle de bain. La r\u00e9sidence offre tous les services n\u00e9cessaires afin de profiter pleinement de la vie carib\u00e9enne ...","og_url":"https:\/\/www.grindleyimmo.com\/fr\/proprietes\/appartement-residence-face-a-la-plage-las-ballenas\/","og_site_name":"Greenland Immo","article_modified_time":"2025-11-15T13:39:08+00:00","og_image":[{"width":488,"height":348,"url":"https:\/\/www.grindleyimmo.com\/wp-content\/uploads\/2025\/01\/Screenshot-2024-08-14-180021.png","type":"image\/png"}],"twitter_misc":{"Dur\u00e9e de lecture estim\u00e9e":"1 minute"},"schema":{"@context":"https:\/\/schema.org","@graph":[{"@type":"WebPage","@id":"https:\/\/www.grindleyimmo.com\/fr\/proprietes\/appartement-residence-face-a-la-plage-las-ballenas\/","url":"https:\/\/www.grindleyimmo.com\/fr\/proprietes\/appartement-residence-face-a-la-plage-las-ballenas\/","name":"Appartement R\u00e9sidence face \u00e0 la plage - Las Ballenas - Greenland Immo","isPartOf":{"@id":"https:\/\/www.grindleyimmo.com\/fr\/#website"},"primaryImageOfPage":{"@id":"https:\/\/www.grindleyimmo.com\/fr\/proprietes\/appartement-residence-face-a-la-plage-las-ballenas\/#primaryimage"},"image":{"@id":"https:\/\/www.grindleyimmo.com\/fr\/proprietes\/appartement-residence-face-a-la-plage-las-ballenas\/#primaryimage"},"thumbnailUrl":"https:\/\/www.grindleyimmo.com\/wp-content\/uploads\/2025\/01\/Screenshot-2024-08-14-180021.png","datePublished":"2025-01-31T15:08:25+00:00","dateModified":"2025-11-15T13:39:08+00:00","breadcrumb":{"@id":"https:\/\/www.grindleyimmo.com\/fr\/proprietes\/appartement-residence-face-a-la-plage-las-ballenas\/#breadcrumb"},"inLanguage":"fr-FR","potentialAction":[{"@type":"ReadAction","target":["https:\/\/www.grindleyimmo.com\/fr\/proprietes\/appartement-residence-face-a-la-plage-las-ballenas\/"]}]},{"@type":"ImageObject","inLanguage":"fr-FR","@id":"https:\/\/www.grindleyimmo.com\/fr\/proprietes\/appartement-residence-face-a-la-plage-las-ballenas\/#primaryimage","url":"https:\/\/www.grindleyimmo.com\/wp-content\/uploads\/2025\/01\/Screenshot-2024-08-14-180021.png","contentUrl":"https:\/\/www.grindleyimmo.com\/wp-content\/uploads\/2025\/01\/Screenshot-2024-08-14-180021.png","width":488,"height":348},{"@type":"BreadcrumbList","@id":"https:\/\/www.grindleyimmo.com\/fr\/proprietes\/appartement-residence-face-a-la-plage-las-ballenas\/#breadcrumb","itemListElement":[{"@type":"ListItem","position":1,"name":"Propri\u00e9t\u00e9s","item":"https:\/\/www.grindleyimmo.com\/properties\/"},{"@type":"ListItem","position":2,"name":"Appartement R\u00e9sidence face \u00e0 la plage &#8211; Las Ballenas"}]},{"@type":"WebSite","@id":"https:\/\/www.grindleyimmo.com\/fr\/#website","url":"https:\/\/www.grindleyimmo.com\/fr\/","name":"Greenland Immo","description":"Agence immobili\u00e8re ","potentialAction":[{"@type":"SearchAction","target":{"@type":"EntryPoint","urlTemplate":"https:\/\/www.grindleyimmo.com\/fr\/?s={search_term_string}"},"query-input":{"@type":"PropertyValueSpecification","valueRequired":true,"valueName":"search_term_string"}}],"inLanguage":"fr-FR"}]}},"_links":{"self":[{"href":"https:\/\/www.grindleyimmo.com\/fr\/wp-json\/wp\/v2\/estate_property\/64333","targetHints":{"allow":["GET"]}}],"collection":[{"href":"https:\/\/www.grindleyimmo.com\/fr\/wp-json\/wp\/v2\/estate_property"}],"about":[{"href":"https:\/\/www.grindleyimmo.com\/fr\/wp-json\/wp\/v2\/types\/estate_property"}],"wp:featuredmedia":[{"embeddable":true,"href":"https:\/\/www.grindleyimmo.com\/fr\/wp-json\/wp\/v2\/media\/64334"}],"wp:attachment":[{"href":"https:\/\/www.grindleyimmo.com\/fr\/wp-json\/wp\/v2\/media?parent=64333"}],"wp:term":[{"taxonomy":"property_category","embeddable":true,"href":"https:\/\/www.grindleyimmo.com\/fr\/wp-json\/wp\/v2\/property_category?post=64333"},{"taxonomy":"property_action_category","embeddable":true,"href":"https:\/\/www.grindleyimmo.com\/fr\/wp-json\/wp\/v2\/property_action_category?post=64333"},{"taxonomy":"property_city","embeddable":true,"href":"https:\/\/www.grindleyimmo.com\/fr\/wp-json\/wp\/v2\/property_city?post=64333"},{"taxonomy":"property_area","embeddable":true,"href":"https:\/\/www.grindleyimmo.com\/fr\/wp-json\/wp\/v2\/property_area?post=64333"},{"taxonomy":"property_county_state","embeddable":true,"href":"https:\/\/www.grindleyimmo.com\/fr\/wp-json\/wp\/v2\/property_county_state?post=64333"},{"taxonomy":"property_features","embeddable":true,"href":"https:\/\/www.grindleyimmo.com\/fr\/wp-json\/wp\/v2\/property_features?post=64333"},{"taxonomy":"property_status","embeddable":true,"href":"https:\/\/www.grindleyimmo.com\/fr\/wp-json\/wp\/v2\/property_status?post=64333"}],"curies":[{"name":"wp","href":"https:\/\/api.w.org\/{rel}","templated":true}]}}

Appartement Résidence face à la plage &#8211; Las Ballenas

<p>Au sein d&rsquo;une résidence sécurisée profitant d&rsquo;un emplacement idéal, face à la belle plage de Las Ballenas, appartement de 51m2 en rez-de-jardin.<br />
Ce bien est composé d&rsquo;un salon, cuisine ouverte, terrasse couverte avec coin salon et coin repas, 1 chambre avec placards et air conditionné, 1 salle de bain.</p>
<p>La résidence offre tous les services nécessaires afin de profiter pleinement de la vie caribéenne tel que:</p>
<ul>
<li>Club de plage</li>
<li>Restaurant de plage</li>
<li>Piscine</li>
<li>Réception 24H</li>
<li>Concierge</li>
<li>Sécurité 24H</li>
<li>Service de pressing</li>
</ul>
<p>Service de gestion locative depuis la résidence.</p>
<p>Ce bien est idéal pour en profiter une partie de l&rsquo;année et le mettre en location saisonnière le reste du temps.</p>
<p>Résidence équipée d&rsquo;un générateur électrique pour pallier aux coupures de courant.</p>

<p>Au sein d&rsquo;une résidence sécurisée profitant d&rsquo;un emplacement idéal, face à la belle plage de Las Ballenas, appartement de 51m2 en rez-de-jardin. Ce bien est composé d&rsquo;un salon, cuisine ouverte, terrasse couverte avec coin salon et coin repas, 1 chambre avec placards et air conditionné, 1 salle de bain. La résidence offre tous les services nécessaires afin de profiter pleinement de la vie caribéenne &#8230;</p>

<!-- This site is optimized with the Yoast SEO plugin v24.0 - https://yoast.com/wordpress/plugins/seo/ -->
<title>Appartement Résidence face à la plage - Las Ballenas - Greenland Immo</title>
<meta name="robots" content="index, follow, max-snippet:-1, max-image-preview:large, max-video-preview:-1" />
<link rel="canonical" href="https://www.grindleyimmo.com/fr/proprietes/appartement-residence-face-a-la-plage-las-ballenas/" />
<meta property="og:locale" content="fr_FR" />
<meta property="og:type" content="article" />
<meta property="og:title" content="Appartement Résidence face à la plage - Las Ballenas - Greenland Immo" />
<meta property="og:description" content="Au sein d&rsquo;une résidence sécurisée profitant d&rsquo;un emplacement idéal, face à la belle plage de Las Ballenas, appartement de 51m2 en rez-de-jardin. Ce bien est composé d&rsquo;un salon, cuisine ouverte, terrasse couverte avec coin salon et coin repas, 1 chambre avec placards et air conditionné, 1 salle de bain. La résidence offre tous les services nécessaires afin de profiter pleinement de la vie caribéenne ..." />
<meta property="og:url" content="https://www.grindleyimmo.com/fr/proprietes/appartement-residence-face-a-la-plage-las-ballenas/" />
<meta property="og:site_name" content="Greenland Immo" />
<meta property="article:modified_time" content="2025-11-15T13:39:08+00:00" />
<meta property="og:image" content="https://www.grindleyimmo.com/wp-content/uploads/2025/01/Screenshot-2024-08-14-180021.png" />
	<meta property="og:image:width" content="488" />
	<meta property="og:image:height" content="348" />
	<meta property="og:image:type" content="image/png" />
<meta name="twitter:label1" content="Durée de lecture estimée" />
	<meta name="twitter:data1" content="1 minute" />
<script type="application/ld+json" class="yoast-schema-graph">{"@context":"https://schema.org","@graph":[{"@type":"WebPage","@id":"https://www.grindleyimmo.com/fr/proprietes/appartement-residence-face-a-la-plage-las-ballenas/","url":"https://www.grindleyimmo.com/fr/proprietes/appartement-residence-face-a-la-plage-las-ballenas/","name":"Appartement Résidence face à la plage - Las Ballenas - Greenland Immo","isPartOf":{"@id":"https://www.grindleyimmo.com/fr/#website"},"primaryImageOfPage":{"@id":"https://www.grindleyimmo.com/fr/proprietes/appartement-residence-face-a-la-plage-las-ballenas/#primaryimage"},"image":{"@id":"https://www.grindleyimmo.com/fr/proprietes/appartement-residence-face-a-la-plage-las-ballenas/#primaryimage"},"thumbnailUrl":"https://www.grindleyimmo.com/wp-content/uploads/2025/01/Screenshot-2024-08-14-180021.png","datePublished":"2025-01-31T15:08:25+00:00","dateModified":"2025-11-15T13:39:08+00:00","breadcrumb":{"@id":"https://www.grindleyimmo.com/fr/proprietes/appartement-residence-face-a-la-plage-las-ballenas/#breadcrumb"},"inLanguage":"fr-FR","potentialAction":[{"@type":"ReadAction","target":["https://www.grindleyimmo.com/fr/proprietes/appartement-residence-face-a-la-plage-las-ballenas/"]}]},{"@type":"ImageObject","inLanguage":"fr-FR","@id":"https://www.grindleyimmo.com/fr/proprietes/appartement-residence-face-a-la-plage-las-ballenas/#primaryimage","url":"https://www.grindleyimmo.com/wp-content/uploads/2025/01/Screenshot-2024-08-14-180021.png","contentUrl":"https://www.grindleyimmo.com/wp-content/uploads/2025/01/Screenshot-2024-08-14-180021.png","width":488,"height":348},{"@type":"BreadcrumbList","@id":"https://www.grindleyimmo.com/fr/proprietes/appartement-residence-face-a-la-plage-las-ballenas/#breadcrumb","itemListElement":[{"@type":"ListItem","position":1,"name":"Propriétés","item":"https://www.grindleyimmo.com/properties/"},{"@type":"ListItem","position":2,"name":"Appartement Résidence face à la plage &#8211; Las Ballenas"}]},{"@type":"WebSite","@id":"https://www.grindleyimmo.com/fr/#website","url":"https://www.grindleyimmo.com/fr/","name":"Greenland Immo","description":"Agence immobilière ","potentialAction":[{"@type":"SearchAction","target":{"@type":"EntryPoint","urlTemplate":"https://www.grindleyimmo.com/fr/?s={search_term_string}"},"query-input":{"@type":"PropertyValueSpecification","valueRequired":true,"valueName":"search_term_string"}}],"inLanguage":"fr-FR"}]}</script>
<!-- / Yoast SEO plugin. -->

Appartement Résidence face à la plage - Las Ballenas - Greenland Immo

Au sein d&rsquo;une résidence sécurisée profitant d&rsquo;un emplacement idéal, face à la belle plage de Las Ballenas, appartement de 51m2 en rez-de-jardin. Ce bien est composé d&rsquo;un salon, cuisine ouverte, terrasse couverte avec coin salon et coin repas, 1 chambre avec placards et air conditionné, 1 salle de bain. La résidence offre tous les services nécessaires afin de profiter pleinement de la vie caribéenne ...

Propriétés

Agence immobilière
